{"id":1155,"date":"2026-05-12T12:20:38","date_gmt":"2026-05-12T10:20:38","guid":{"rendered":"https:\/\/latinnrock.fr\/?page_id=1155"},"modified":"2026-05-12T12:27:47","modified_gmt":"2026-05-12T10:27:47","slug":"lo-salsa","status":"publish","type":"page","link":"https:\/\/latinnrock.fr\/index.php\/lo-salsa\/","title":{"rendered":"Lo SALSA"},"content":{"rendered":"\n<hr class=\"wp-block-separator aligncenter has-alpha-channel-opacity is-style-wide\"\/>\n\n\n<div class=\"wp-block-image\">\n<figure class=\"aligncenter size-large is-resized\"><img loading=\"lazy\" decoding=\"async\" width=\"460\" height=\"1024\" src=\"https:\/\/latinnrock.fr\/wp-content\/uploads\/2026\/05\/LoSalsa-460x1024.jpeg\" alt=\"\" class=\"wp-image-1156\" style=\"width:326px;height:auto\" srcset=\"https:\/\/latinnrock.fr\/wp-content\/uploads\/2026\/05\/LoSalsa-460x1024.jpeg 460w, https:\/\/latinnrock.fr\/wp-content\/uploads\/2026\/05\/LoSalsa-135x300.jpeg 135w, https:\/\/latinnrock.fr\/wp-content\/uploads\/2026\/05\/LoSalsa.jpeg 688w\" sizes=\"auto, (max-width: 460px) 100vw, 460px\" \/><\/figure>\n<\/div>\n\n\n<p>Form\u00e9 initialement \u00e0 Paris par l&rsquo;association Dos con Dos dans les ann\u00e9es 2000, Lo enseigne les danses afro-carib\u00e9ennes et principalement la Salsa cubaine depuis 15 ans dans le sud-ouest de la France. Il a d\u00e9velopp\u00e9 durant ses ann\u00e9es ses qualit\u00e9s d&rsquo;enseignement et d&rsquo;apprentissage et est reconnu pour sa p\u00e9dagogie et la r\u00e9ussite de ses \u00e9l\u00e8ves.<\/p>\n\n\n\n<p>L&rsquo;\u00e9l\u00e9gance, la justesse et la fluidit\u00e9 du mouvement sont ses principaux<br>objectifs, c&rsquo;est pourquoi il s&rsquo;est sp\u00e9cialis\u00e9 dans le Son Cubano Tradicional, danse magnifique m\u00e8re de toutes les salsas.<\/p>\n\n\n\n<p>La Rumba, le Chacha et La Bachata compl\u00e8tent aujourd&rsquo;hui sa panoplie<br>dans l&rsquo;enseignement des danses afro-carib\u00e9ennes.<\/p>\n\n\n\n<p>La richesse de ces danses est immense et leurs \u00e9volutions permanentes ! Tout en les enseignant, Lo se perfectionne r\u00e9guli\u00e8rement aupr\u00e8s de nombreux maestros pour parfaire ses connaissances.<\/p>\n\n\n\n<p>Il a pris le temps d&rsquo;aiguiser la p\u00e9dagogie et l&rsquo;esprit de groupe, optimisant la formation individuelle ou collective de nombreux danseurs.<\/p>\n\n\n\n<hr class=\"wp-block-separator aligncenter has-alpha-channel-opacity is-style-wide\"\/>\n","protected":false},"excerpt":{"rendered":"<p>Form\u00e9 initialement \u00e0 Paris par l&rsquo;association Dos con Dos dans les ann\u00e9es 2000, Lo enseigne les danses afro-carib\u00e9ennes et principalement la Salsa cubaine depuis 15 ans dans le sud-ouest de la France. Il a d\u00e9velopp\u00e9 durant ses ann\u00e9es ses qualit\u00e9s d&rsquo;enseignement et d&rsquo;apprentissage et est reconnu pour sa p\u00e9dagogie et la r\u00e9ussite de ses \u00e9l\u00e8ves. &hellip; <\/p>\n<p class=\"link-more\"><a href=\"https:\/\/latinnrock.fr\/index.php\/lo-salsa\/\" class=\"more-link\">Continuer la lecture<span class=\"screen-reader-text\"> de &laquo;&nbsp;Lo SALSA&nbsp;&raquo;<\/span><\/a><\/p>\n","protected":false},"author":1,"featured_media":0,"parent":0,"menu_order":0,"comment_status":"closed","ping_status":"closed","template":"","meta":{"footnotes":""},"class_list":["post-1155","page","type-page","status-publish","hentry"],"_links":{"self":[{"href":"https:\/\/latinnrock.fr\/index.php\/wp-json\/wp\/v2\/pages\/1155","targetHints":{"allow":["GET"]}}],"collection":[{"href":"https:\/\/latinnrock.fr\/index.php\/wp-json\/wp\/v2\/pages"}],"about":[{"href":"https:\/\/latinnrock.fr\/index.php\/wp-json\/wp\/v2\/types\/page"}],"author":[{"embeddable":true,"href":"https:\/\/latinnrock.fr\/index.php\/wp-json\/wp\/v2\/users\/1"}],"replies":[{"embeddable":true,"href":"https:\/\/latinnrock.fr\/index.php\/wp-json\/wp\/v2\/comments?post=1155"}],"version-history":[{"count":2,"href":"https:\/\/latinnrock.fr\/index.php\/wp-json\/wp\/v2\/pages\/1155\/revisions"}],"predecessor-version":[{"id":1161,"href":"https:\/\/latinnrock.fr\/index.php\/wp-json\/wp\/v2\/pages\/1155\/revisions\/1161"}],"wp:attachment":[{"href":"https:\/\/latinnrock.fr\/index.php\/wp-json\/wp\/v2\/media?parent=1155"}],"curies":[{"name":"wp","href":"https:\/\/api.w.org\/{rel}","templated":true}]}}