{"id":1162,"date":"2026-05-12T12:31:19","date_gmt":"2026-05-12T10:31:19","guid":{"rendered":"https:\/\/latinnrock.fr\/?page_id=1162"},"modified":"2026-05-12T12:31:19","modified_gmt":"2026-05-12T10:31:19","slug":"dance-tonic","status":"publish","type":"page","link":"https:\/\/latinnrock.fr\/index.php\/dance-tonic\/","title":{"rendered":"Dance Tonic"},"content":{"rendered":"\n<hr class=\"wp-block-separator aligncenter has-alpha-channel-opacity is-style-wide\"\/>\n\n\n\n<p>\ud83d\udc83 Dance Tonic : Bougez, Transpirez, Souriez !<br><br>Vous cherchez \u00e0 garder la forme sans avoir l&rsquo;impression de \u00ab\u00a0faire du sport\u00a0\u00bb ? Vous \u00eates un adepte du dancefloor mais les salles de musculation vous ennuient ?<br><br>D\u00e9couvrez la Dance Tonic, le concept id\u00e9al pour sculpter votre silhouette tout en lib\u00e9rant votre \u00e9nergie !<br><br>\u2728 C\u2019est quoi exactement ?<br><br>La Dance Tonic est un cocktail explosif \u00e0 mi-chemin entre la Zumba et le Fitness. Le principe est simple : on danse en solo sur des chor\u00e9graphies accessibles, port\u00e9es par des rythmes latinos ensoleill\u00e9s et les derniers hits actuels.<br><br>\ud83d\ude80 Pourquoi vous allez adorer :<br><br>Sport incognito : On vient pour danser, mais on finit par br\u00fbler un maximum de calories et tonifier son corps sans m\u00eame s&rsquo;en rendre compte.<br><br>L\u00e2cher-prise total : Pas besoin d&rsquo;\u00eatre un pro de la danse ! L&rsquo;objectif est avant tout de s&rsquo;amuser et de se vider la t\u00eate.<br><br>\u00c9nergie communicative : Une ambiance fun et ludique o\u00f9 l&rsquo;on transpire dans la bonne humeur.<br><br>En r\u00e9sum\u00e9 : Si vous aimez la musique et que vous voulez faire du bien \u00e0 votre corps de mani\u00e8re festive, la Dance Tonic est faite pour vous !<br><br>Pr\u00eat(e) \u00e0 enflammer la piste ? Enfilez vos baskets et rejoignez-nous !<\/p>\n","protected":false},"excerpt":{"rendered":"<p>\ud83d\udc83 Dance Tonic : Bougez, Transpirez, Souriez ! Vous cherchez \u00e0 garder la forme sans avoir l&rsquo;impression de \u00ab\u00a0faire du sport\u00a0\u00bb ? Vous \u00eates un adepte du dancefloor mais les salles de musculation vous ennuient ? D\u00e9couvrez la Dance Tonic, le concept id\u00e9al pour sculpter votre silhouette tout en lib\u00e9rant votre \u00e9nergie ! \u2728 C\u2019est &hellip; <\/p>\n<p class=\"link-more\"><a href=\"https:\/\/latinnrock.fr\/index.php\/dance-tonic\/\" class=\"more-link\">Continuer la lecture<span class=\"screen-reader-text\"> de &laquo;&nbsp;Dance Tonic&nbsp;&raquo;<\/span><\/a><\/p>\n","protected":false},"author":1,"featured_media":0,"parent":0,"menu_order":0,"comment_status":"closed","ping_status":"closed","template":"","meta":{"footnotes":""},"class_list":["post-1162","page","type-page","status-publish","hentry"],"_links":{"self":[{"href":"https:\/\/latinnrock.fr\/index.php\/wp-json\/wp\/v2\/pages\/1162","targetHints":{"allow":["GET"]}}],"collection":[{"href":"https:\/\/latinnrock.fr\/index.php\/wp-json\/wp\/v2\/pages"}],"about":[{"href":"https:\/\/latinnrock.fr\/index.php\/wp-json\/wp\/v2\/types\/page"}],"author":[{"embeddable":true,"href":"https:\/\/latinnrock.fr\/index.php\/wp-json\/wp\/v2\/users\/1"}],"replies":[{"embeddable":true,"href":"https:\/\/latinnrock.fr\/index.php\/wp-json\/wp\/v2\/comments?post=1162"}],"version-history":[{"count":1,"href":"https:\/\/latinnrock.fr\/index.php\/wp-json\/wp\/v2\/pages\/1162\/revisions"}],"predecessor-version":[{"id":1163,"href":"https:\/\/latinnrock.fr\/index.php\/wp-json\/wp\/v2\/pages\/1162\/revisions\/1163"}],"wp:attachment":[{"href":"https:\/\/latinnrock.fr\/index.php\/wp-json\/wp\/v2\/media?parent=1162"}],"curies":[{"name":"wp","href":"https:\/\/api.w.org\/{rel}","templated":true}]}}