{"id":585,"date":"2024-08-05T17:15:29","date_gmt":"2024-08-05T15:15:29","guid":{"rendered":"https:\/\/latinnrock.fr\/?page_id=585"},"modified":"2024-08-07T15:54:44","modified_gmt":"2024-08-07T13:54:44","slug":"la-salsa","status":"publish","type":"page","link":"https:\/\/latinnrock.fr\/index.php\/la-salsa\/","title":{"rendered":"Salsa Cubaine"},"content":{"rendered":"\n<p><strong>ORIGINE DE LA SALSA<\/strong><\/p>\n\n\n\n<p>La <strong>SALSA CUBAINE<\/strong> appel\u00e9e <strong>CASINO<\/strong> \u00e0 CUBA s&rsquo;inspire de danses pratiqu\u00e9es \u00e0 <strong>la HAVANE<\/strong>  dans les ann\u00e9es 50. <\/p>\n\n\n\n<p><strong>CUBA<\/strong> est l&rsquo;endroit o\u00f9 la salsa cubaine a trouv\u00e9 ses bases avec sa riche tradition musicale et son esprit festif. C&rsquo;est l\u00e0 que la <strong>SALSA<\/strong> tire toute son \u00e9nergie joyeuse et vibrante. <\/p>\n\n\n\n<figure class=\"wp-block-image size-large is-resized\"><img loading=\"lazy\" decoding=\"async\" width=\"1024\" height=\"1024\" src=\"https:\/\/latinnrock.fr\/wp-content\/uploads\/2024\/08\/1722868871830-1024x1024.jpg\" alt=\"\" class=\"wp-image-586\" style=\"aspect-ratio:1;object-fit:cover;width:300px\" srcset=\"https:\/\/latinnrock.fr\/wp-content\/uploads\/2024\/08\/1722868871830-1024x1024.jpg 1024w, https:\/\/latinnrock.fr\/wp-content\/uploads\/2024\/08\/1722868871830-300x300.jpg 300w, https:\/\/latinnrock.fr\/wp-content\/uploads\/2024\/08\/1722868871830-150x150.jpg 150w, https:\/\/latinnrock.fr\/wp-content\/uploads\/2024\/08\/1722868871830-768x768.jpg 768w, https:\/\/latinnrock.fr\/wp-content\/uploads\/2024\/08\/1722868871830-1536x1536.jpg 1536w, https:\/\/latinnrock.fr\/wp-content\/uploads\/2024\/08\/1722868871830-2048x2048.jpg 2048w, https:\/\/latinnrock.fr\/wp-content\/uploads\/2024\/08\/1722868871830-100x100.jpg 100w\" sizes=\"auto, (max-width: 767px) 89vw, (max-width: 1000px) 54vw, (max-width: 1071px) 543px, 580px\" \/><\/figure>\n\n\n\n<p><strong>UN MELANGE DE CULTURES<\/strong>  <\/p>\n\n\n\n<p>Bien que la salsa cubaine ait ses racines \u00e0 Cuba, elle a \u00e9t\u00e9 influenc\u00e9e par de nombreuses cultures tout au long de son \u00e9volution. Des pays tels que les Etats-Unis, Porto Rico, le V\u00e9nezuela, le Mexique, la Colombie et la R\u00e9publique Dominicaine ont tous apport\u00e9 leur touche \u00e0 la salsa, cr\u00e9ant ainsi une danse dynamique et diversifi\u00e9e.<\/p>\n\n\n\n<p><strong>FIRMIN LO WING<\/strong> est passionn\u00e9 par l&rsquo;enseignement de la SALSA CUBAINE. Que vous soyez d\u00e9butant ou exp\u00e9riment\u00e9, ses cours vous invitent \u00e0 explorer l&rsquo;\u00e2me de la \u00ab\u00a0CUBAINE\u00a0\u00bb<\/p>\n\n\n\n<p>Si vous souhaitez en savoir plus sur la salsa cubaine, nos cours n&rsquo;h\u00e9sitez pas \u00e0 nous contacter :<\/p>\n\n\n\n<p>06 14 45 13 60<\/p>\n\n\n\n<p><a href=\"latinnrock81@gmail.com\">latinnrock81@gmail.com<\/a><\/p>\n\n\n\n<hr class=\"wp-block-separator aligncenter has-alpha-channel-opacity is-style-wide\"\/>\n\n\n\n<p><\/p>\n","protected":false},"excerpt":{"rendered":"<p>ORIGINE DE LA SALSA La SALSA CUBAINE appel\u00e9e CASINO \u00e0 CUBA s&rsquo;inspire de danses pratiqu\u00e9es \u00e0 la HAVANE dans les ann\u00e9es 50. CUBA est l&rsquo;endroit o\u00f9 la salsa cubaine a trouv\u00e9 ses bases avec sa riche tradition musicale et son esprit festif. C&rsquo;est l\u00e0 que la SALSA tire toute son \u00e9nergie joyeuse et vibrante. UN &hellip; <\/p>\n<p class=\"link-more\"><a href=\"https:\/\/latinnrock.fr\/index.php\/la-salsa\/\" class=\"more-link\">Continuer la lecture<span class=\"screen-reader-text\"> de &laquo;&nbsp;Salsa Cubaine&nbsp;&raquo;<\/span><\/a><\/p>\n","protected":false},"author":2,"featured_media":0,"parent":0,"menu_order":0,"comment_status":"closed","ping_status":"closed","template":"","meta":{"footnotes":""},"class_list":["post-585","page","type-page","status-publish","hentry"],"_links":{"self":[{"href":"https:\/\/latinnrock.fr\/index.php\/wp-json\/wp\/v2\/pages\/585","targetHints":{"allow":["GET"]}}],"collection":[{"href":"https:\/\/latinnrock.fr\/index.php\/wp-json\/wp\/v2\/pages"}],"about":[{"href":"https:\/\/latinnrock.fr\/index.php\/wp-json\/wp\/v2\/types\/page"}],"author":[{"embeddable":true,"href":"https:\/\/latinnrock.fr\/index.php\/wp-json\/wp\/v2\/users\/2"}],"replies":[{"embeddable":true,"href":"https:\/\/latinnrock.fr\/index.php\/wp-json\/wp\/v2\/comments?post=585"}],"version-history":[{"count":4,"href":"https:\/\/latinnrock.fr\/index.php\/wp-json\/wp\/v2\/pages\/585\/revisions"}],"predecessor-version":[{"id":703,"href":"https:\/\/latinnrock.fr\/index.php\/wp-json\/wp\/v2\/pages\/585\/revisions\/703"}],"wp:attachment":[{"href":"https:\/\/latinnrock.fr\/index.php\/wp-json\/wp\/v2\/media?parent=585"}],"curies":[{"name":"wp","href":"https:\/\/api.w.org\/{rel}","templated":true}]}}