{"id":96,"date":"2024-06-06T15:38:47","date_gmt":"2024-06-06T13:38:47","guid":{"rendered":"https:\/\/latinnrock.fr\/?page_id=96"},"modified":"2024-08-04T14:03:38","modified_gmt":"2024-08-04T12:03:38","slug":"lindy","status":"publish","type":"page","link":"https:\/\/latinnrock.fr\/index.php\/lindy\/","title":{"rendered":"Ang\u00e9lique LARQUE"},"content":{"rendered":"<div class=\"wp-block-image\">\n<figure class=\"alignleft size-medium\"><img loading=\"lazy\" decoding=\"async\" width=\"300\" height=\"300\" src=\"https:\/\/latinnrock.fr\/wp-content\/uploads\/2024\/08\/1722701334451-300x300.jpg\" alt=\"\" class=\"wp-image-509\" srcset=\"https:\/\/latinnrock.fr\/wp-content\/uploads\/2024\/08\/1722701334451-300x300.jpg 300w, https:\/\/latinnrock.fr\/wp-content\/uploads\/2024\/08\/1722701334451-1024x1024.jpg 1024w, https:\/\/latinnrock.fr\/wp-content\/uploads\/2024\/08\/1722701334451-150x150.jpg 150w, https:\/\/latinnrock.fr\/wp-content\/uploads\/2024\/08\/1722701334451-768x768.jpg 768w, https:\/\/latinnrock.fr\/wp-content\/uploads\/2024\/08\/1722701334451-100x100.jpg 100w, https:\/\/latinnrock.fr\/wp-content\/uploads\/2024\/08\/1722701334451.jpg 1038w\" sizes=\"auto, (max-width: 300px) 100vw, 300px\" \/><\/figure>\n<\/div>\n\n\n<p>Chor\u00e9graphe <\/p>\n\n\n\n<p>Danseuse interpr\u00e8te <\/p>\n\n\n\n<p>P\u00e9dagogue <\/p>\n\n\n\n<p>Dipl\u00f4m\u00e9e comme \u00abdanseuse interpr\u00e8te\u00bb au Centre Chor\u00e9graphique James Carl\u00e8s en 2006, Ang\u00e9lique voyage pour se former aux danses africaines traditionnelles et contemporaines (S\u00e9n\u00e9gal), aborig\u00e8nes (Australie), afro cubaine (Cuba), hip hop (France\/USA), aux percussions corporelles (France\/Espagne), jusqu\u2019\u00e0 d\u00e9couvrir l&rsquo;univers du Swing dont elle fait sa sp\u00e9cialit\u00e9 aujourd\u2019hui.<\/p>\n\n\n\n<p> Elle travaille pour des chor\u00e9graphes prestigieux tels que Heddy MAALEM et James CARLES, des com\u00e9dies musicales, des cabarets, et remporte plusieurs titres en comp\u00e9tition de danses swing \u00e0 l\u2019international. Forte de cette exp\u00e9rience sc\u00e9nique, elle fonde la compagnie the FUNKY SWING DANCERS en 2014, avec laquelle elle chor\u00e9graphie des spectacles et danse pour plusieurs grands orchestres (Big Band Brass, Julien Brunetaud quintet, Ali Jackson Trio, Thomas Dutronc&#8230;). Plus r\u00e9cemment, elle co\u00e9crit le spectacle p\u00e9dagogique \u00abFEET, une histoire des danses jazz\u00bb avec le musicien Matthieu Allemandou, qui met en sc\u00e8ne 5 artistes et retrace plus d\u2019un si\u00e8cle de danse jazz, de musique et d\u2019histoire. <\/p>\n\n\n\n<p>Parall\u00e8lement, Ang\u00e9lique se passionne pour la transmission et enseigne son savoir (technique et th\u00e9orique) lors de cours r\u00e9guliers, master class et stages destin\u00e9s tant aux professionnels (ISDAT) qu&rsquo;aux amateurs. Elle organise \u00e9galement \u00abWho\u2019s Got The Beat?\u00bb qui invite des artistes de diff\u00e9rentes cultures \u00e0 croiser leurs styles, ainsi que de grands bals publics dans les rues de Toulouse et du Tarn.<\/p>\n\n\n\n<p>Elle enseigne le LINDY HOP chez Latin&rsquo;N Rock depuis deux saisons.<\/p>\n","protected":false},"excerpt":{"rendered":"<p>Chor\u00e9graphe Danseuse interpr\u00e8te P\u00e9dagogue Dipl\u00f4m\u00e9e comme \u00abdanseuse interpr\u00e8te\u00bb au Centre Chor\u00e9graphique James Carl\u00e8s en 2006, Ang\u00e9lique voyage pour se former aux danses africaines traditionnelles et contemporaines (S\u00e9n\u00e9gal), aborig\u00e8nes (Australie), afro cubaine (Cuba), hip hop (France\/USA), aux percussions corporelles (France\/Espagne), jusqu\u2019\u00e0 d\u00e9couvrir l&rsquo;univers du Swing dont elle fait sa sp\u00e9cialit\u00e9 aujourd\u2019hui. Elle travaille pour des chor\u00e9graphes &hellip; <\/p>\n<p class=\"link-more\"><a href=\"https:\/\/latinnrock.fr\/index.php\/lindy\/\" class=\"more-link\">Continuer la lecture<span class=\"screen-reader-text\"> de &laquo;&nbsp;Ang\u00e9lique LARQUE&nbsp;&raquo;<\/span><\/a><\/p>\n","protected":false},"author":1,"featured_media":0,"parent":0,"menu_order":0,"comment_status":"closed","ping_status":"closed","template":"","meta":{"footnotes":""},"class_list":["post-96","page","type-page","status-publish","hentry"],"_links":{"self":[{"href":"https:\/\/latinnrock.fr\/index.php\/wp-json\/wp\/v2\/pages\/96","targetHints":{"allow":["GET"]}}],"collection":[{"href":"https:\/\/latinnrock.fr\/index.php\/wp-json\/wp\/v2\/pages"}],"about":[{"href":"https:\/\/latinnrock.fr\/index.php\/wp-json\/wp\/v2\/types\/page"}],"author":[{"embeddable":true,"href":"https:\/\/latinnrock.fr\/index.php\/wp-json\/wp\/v2\/users\/1"}],"replies":[{"embeddable":true,"href":"https:\/\/latinnrock.fr\/index.php\/wp-json\/wp\/v2\/comments?post=96"}],"version-history":[{"count":9,"href":"https:\/\/latinnrock.fr\/index.php\/wp-json\/wp\/v2\/pages\/96\/revisions"}],"predecessor-version":[{"id":555,"href":"https:\/\/latinnrock.fr\/index.php\/wp-json\/wp\/v2\/pages\/96\/revisions\/555"}],"wp:attachment":[{"href":"https:\/\/latinnrock.fr\/index.php\/wp-json\/wp\/v2\/media?parent=96"}],"curies":[{"name":"wp","href":"https:\/\/api.w.org\/{rel}","templated":true}]}}